{"id":13760,"date":"2024-04-22T13:12:51","date_gmt":"2024-04-22T13:12:51","guid":{"rendered":"https:\/\/leboudoir-zen.com\/?page_id=13760"},"modified":"2024-04-22T13:25:12","modified_gmt":"2024-04-22T13:25:12","slug":"sesion-presencial","status":"publish","type":"page","link":"https:\/\/leboudoir-zen.com\/index.php\/es\/reserva-en-linea\/sesion-presencial\/","title":{"rendered":"Sesi\u00f3n presencial"},"content":{"rendered":"\t\t<div data-elementor-type=\"wp-page\" data-elementor-id=\"13760\" class=\"elementor elementor-13760\">\n\t\t\t\t\t\t<section class=\"elementor-section elementor-top-section elementor-element elementor-element-cc18d09 elementor-section-boxed elementor-section-height-default elementor-section-height-default exad-glass-effect-no wpr-particle-no wpr-jarallax-no wpr-parallax-no wpr-sticky-section-no wpr-equal-height-no exad-sticky-section-no\" data-id=\"cc18d09\" data-element_type=\"section\" data-e-type=\"section\" data-settings=\"{&quot;background_background&quot;:&quot;classic&quot;}\">\n\t\t\t\t\t\t<div class=\"elementor-container elementor-column-gap-default\">\n\t\t\t\t\t<div class=\"elementor-column elementor-col-33 elementor-top-column elementor-element elementor-element-8cd8d79 exad-glass-effect-no exad-sticky-section-no\" data-id=\"8cd8d79\" data-element_type=\"column\" data-e-type=\"column\">\n\t\t\t<div class=\"elementor-widget-wrap\">\n\t\t\t\t\t\t\t<\/div>\n\t\t<\/div>\n\t\t\t\t<div class=\"elementor-column elementor-col-33 elementor-top-column elementor-element elementor-element-adc4edd exad-glass-effect-no exad-sticky-section-no\" data-id=\"adc4edd\" data-element_type=\"column\" data-e-type=\"column\">\n\t\t\t<div class=\"elementor-widget-wrap elementor-element-populated\">\n\t\t\t\t\t\t<div class=\"elementor-element elementor-element-82fcbf4 exad-sticky-section-no exad-glass-effect-no elementor-widget elementor-widget-heading\" data-id=\"82fcbf4\" data-element_type=\"widget\" data-e-type=\"widget\" data-widget_type=\"heading.default\">\n\t\t\t\t<div class=\"elementor-widget-container\">\n\t\t\t\t\t<p class=\"elementor-heading-title elementor-size-default\"><b>La activaci\u00f3n de la energ\u00eda vital \"InnerDance\" es un proceso de transformaci\u00f3n profunda <\/b><br><b>y de total entrega que conduce a estados de conciencia expandidos.<\/b><br><br>\nPara obtener m\u00e1s informaci\u00f3n sobre el proceso, consulte el men\u00fa:<br>\nActivaci\u00f3n de la energ\u00eda vital \"InnerDance\"<br>\no las \"Preguntas frecuentes\" que se formulan con frecuencia.\n\n\n\n\n\n\n<\/p>\t\t\t\t<\/div>\n\t\t\t\t<\/div>\n\t\t\t\t<div class=\"elementor-element elementor-element-9af235e exad-sticky-section-no exad-glass-effect-no elementor-widget elementor-widget-heading\" data-id=\"9af235e\" data-element_type=\"widget\" data-e-type=\"widget\" data-widget_type=\"heading.default\">\n\t\t\t\t<div class=\"elementor-widget-container\">\n\t\t\t\t\t<h2 class=\"elementor-heading-title elementor-size-default\">Preparaci\u00f3n para tu sesi\u00f3n presencial:<\/h2>\t\t\t\t<\/div>\n\t\t\t\t<\/div>\n\t\t\t\t<div class=\"elementor-element elementor-element-3ce27b8 exad-sticky-section-no exad-glass-effect-no elementor-widget elementor-widget-heading\" data-id=\"3ce27b8\" data-element_type=\"widget\" data-e-type=\"widget\" data-widget_type=\"heading.default\">\n\t\t\t\t<div class=\"elementor-widget-container\">\n\t\t\t\t\t<p class=\"elementor-heading-title elementor-size-default\">- Es preferible consumir una comida muy ligera ese d\u00eda y dejar de comer al menos 3 horas antes de la sesi\u00f3n.<br>\n- Evite consumir alcohol y sustancias m\u00e1s de 24 horas antes de la sesi\u00f3n y durante la semana siguiente.<br>\n- Use ropa holgada y c\u00f3moda.\n<br><br>Estas recomendaciones ayudar\u00e1n a tener la mejor experiencia posible durante una sesi\u00f3n de InnerDance.\n<br><br>Despu\u00e9s de hacer tu reserva, recibir\u00e1s un enlace con toda la informaci\u00f3n para prepararte para la sesi\u00f3n de InnerDance. <b>Aseg\u00farate de revisar que este enlace no est\u00e9 en tu bandeja de correo no deseado.<\/b><\/p>\t\t\t\t<\/div>\n\t\t\t\t<\/div>\n\t\t\t\t<div class=\"elementor-element elementor-element-6d324f2 exad-sticky-section-no exad-glass-effect-no elementor-widget elementor-widget-heading\" data-id=\"6d324f2\" data-element_type=\"widget\" data-e-type=\"widget\" data-widget_type=\"heading.default\">\n\t\t\t\t<div class=\"elementor-widget-container\">\n\t\t\t\t\t<h2 class=\"elementor-heading-title elementor-size-default\">Funcionamiento de la sesi\u00f3n presencial:\n<\/h2>\t\t\t\t<\/div>\n\t\t\t\t<\/div>\n\t\t\t\t<div class=\"elementor-element elementor-element-56ec661 exad-sticky-section-no exad-glass-effect-no elementor-widget elementor-widget-heading\" data-id=\"56ec661\" data-element_type=\"widget\" data-e-type=\"widget\" data-widget_type=\"heading.default\">\n\t\t\t\t<div class=\"elementor-widget-container\">\n\t\t\t\t\t<p class=\"elementor-heading-title elementor-size-default\">- Palabras de bienvenida y breve introducci\u00f3n.<br>- Te recuestas, cierras los ojos, ponemos m\u00fasica y la sesi\u00f3n comienza durante 1 hora en un espacio seguro y amoroso.<br>- Tiempo de integraci\u00f3n y recomendaciones.<br>- C\u00edrculo de compartici\u00f3n.\n<br>- Clausura.\n\n\n\n\n\n<\/p>\t\t\t\t<\/div>\n\t\t\t\t<\/div>\n\t\t\t\t<div class=\"elementor-element elementor-element-64e6235 exad-sticky-section-no exad-glass-effect-no elementor-widget elementor-widget-heading\" data-id=\"64e6235\" data-element_type=\"widget\" data-e-type=\"widget\" data-widget_type=\"heading.default\">\n\t\t\t\t<div class=\"elementor-widget-container\">\n\t\t\t\t\t<h2 class=\"elementor-heading-title elementor-size-default\">Contraindicaciones:\n\n<\/h2>\t\t\t\t<\/div>\n\t\t\t\t<\/div>\n\t\t\t\t<div class=\"elementor-element elementor-element-f7d4b2d exad-sticky-section-no exad-glass-effect-no elementor-widget elementor-widget-heading\" data-id=\"f7d4b2d\" data-element_type=\"widget\" data-e-type=\"widget\" data-widget_type=\"heading.default\">\n\t\t\t\t<div class=\"elementor-widget-container\">\n\t\t\t\t\t<p class=\"elementor-heading-title elementor-size-default\">\n<b>Por favor, comprueba si est\u00e1s afectado\/a por alguna de las siguientes contraindicaciones:<\/b><br><br>\n\nMujeres embarazadas <br>- Trastornos psic\u00f3ticos graves, enfermedades psiqui\u00e1tricas <br>- Epilepsia <br>- Problemas card\u00edacos <br>- Antecedentes de accidente cerebrovascular (ACV)<br>- Hipertensi\u00f3n <br>- Asma <br>- Reciente cirug\u00eda <br>\nLas personas con depresi\u00f3n y que toman antidepresivos son bienvenidas a las sesiones.<br>\nLas sesiones est\u00e1n abiertas para todos,<b> a partir de los 18 a\u00f1os.<\/b><\/p>\t\t\t\t<\/div>\n\t\t\t\t<\/div>\n\t\t\t\t<div class=\"elementor-element elementor-element-3db6ba9 exad-sticky-section-no exad-glass-effect-no elementor-widget elementor-widget-heading\" data-id=\"3db6ba9\" data-element_type=\"widget\" data-e-type=\"widget\" data-widget_type=\"heading.default\">\n\t\t\t\t<div class=\"elementor-widget-container\">\n\t\t\t\t\t<h2 class=\"elementor-heading-title elementor-size-default\">\nPol\u00edtica de cancelaci\u00f3n:\n\n\n\n\n\n<\/h2>\t\t\t\t<\/div>\n\t\t\t\t<\/div>\n\t\t\t\t<div class=\"elementor-element elementor-element-738e761 exad-sticky-section-no exad-glass-effect-no elementor-widget elementor-widget-heading\" data-id=\"738e761\" data-element_type=\"widget\" data-e-type=\"widget\" data-widget_type=\"heading.default\">\n\t\t\t\t<div class=\"elementor-widget-container\">\n\t\t\t\t\t<p class=\"elementor-heading-title elementor-size-default\">\nModificaci\u00f3n y cancelaci\u00f3n posibles <b>hasta 48 horas antes de la sesi\u00f3n en l\u00ednea y las sesiones en persona.<\/b> <br>Despu\u00e9s de este plazo, la sesi\u00f3n no se puede modificar ni reembolsar. Las sesiones no realizadas deben pagarse. <br>Agradecemos su comprensi\u00f3n.<\/p>\t\t\t\t<\/div>\n\t\t\t\t<\/div>\n\t\t\t\t\t<\/div>\n\t\t<\/div>\n\t\t\t\t<div class=\"elementor-column elementor-col-33 elementor-top-column elementor-element elementor-element-61100bb exad-glass-effect-no exad-sticky-section-no\" data-id=\"61100bb\" data-element_type=\"column\" data-e-type=\"column\">\n\t\t\t<div class=\"elementor-widget-wrap\">\n\t\t\t\t\t\t\t<\/div>\n\t\t<\/div>\n\t\t\t\t\t<\/div>\n\t\t<\/section>\n\t\t\t\t<\/div>\n\t\t","protected":false},"excerpt":{"rendered":"<p>La activaci\u00f3n de la energ\u00eda vital &#8220;InnerDance&#8221; es un proceso de transformaci\u00f3n profunda y de total entrega que conduce a estados de conciencia expandidos. Para obtener m\u00e1s informaci\u00f3n sobre el proceso, consulte el men\u00fa: Activaci\u00f3n de la energ\u00eda vital &#8220;InnerDance&#8221; o las &#8220;Preguntas frecuentes&#8221; que se formulan con frecuencia. Preparaci\u00f3n para tu sesi\u00f3n presencial: &#8211; Es preferible consumir una comida muy ligera ese d\u00eda y dejar de comer al menos 3 horas antes de la sesi\u00f3n. &#8211; Evite consumir alcohol y sustancias m\u00e1s de 24 horas antes de la sesi\u00f3n y durante la semana siguiente. &#8211; Use ropa holgada y c\u00f3moda. Estas recomendaciones ayudar\u00e1n a tener la mejor experiencia posible durante una sesi\u00f3n de InnerDance. Despu\u00e9s de hacer tu reserva, recibir\u00e1s un enlace con toda la informaci\u00f3n para prepararte para la sesi\u00f3n de InnerDance. Aseg\u00farate de revisar que este enlace no est\u00e9 en tu bandeja de correo no deseado. Funcionamiento de la sesi\u00f3n presencial: &#8211; Palabras de bienvenida y breve introducci\u00f3n.&#8211; Te recuestas, cierras los ojos, ponemos m\u00fasica y la sesi\u00f3n comienza durante 1 hora en un espacio seguro y amoroso.&#8211; Tiempo de integraci\u00f3n y recomendaciones.&#8211; C\u00edrculo de compartici\u00f3n. &#8211; Clausura. Contraindicaciones: Por favor, comprueba si est\u00e1s afectado\/a por alguna de las siguientes contraindicaciones: Mujeres embarazadas &#8211; Trastornos psic\u00f3ticos graves, enfermedades psiqui\u00e1tricas &#8211; Epilepsia &#8211; Problemas card\u00edacos &#8211; Antecedentes de accidente cerebrovascular (ACV)&#8211; Hipertensi\u00f3n &#8211; Asma &#8211; Reciente cirug\u00eda Las personas con depresi\u00f3n y que toman antidepresivos son bienvenidas a las sesiones. Las sesiones est\u00e1n abiertas para todos, a partir de los 18 a\u00f1os. Pol\u00edtica de cancelaci\u00f3n: Modificaci\u00f3n y cancelaci\u00f3n posibles hasta 48 horas antes de la sesi\u00f3n en l\u00ednea y las sesiones en persona. Despu\u00e9s de este plazo, la sesi\u00f3n no se puede modificar ni reembolsar. Las sesiones no realizadas deben pagarse. Agradecemos su comprensi\u00f3n.<\/p>\n","protected":false},"author":1,"featured_media":0,"parent":13755,"menu_order":1,"comment_status":"closed","ping_status":"closed","template":"elementor_canvas","meta":{"site-sidebar-layout":"no-sidebar","site-content-layout":"page-builder","ast-site-content-layout":"default","site-content-style":"default","site-sidebar-style":"default","ast-global-header-display":"","ast-banner-title-visibility":"","ast-main-header-display":"","ast-hfb-above-header-display":"","ast-hfb-below-header-display":"","ast-hfb-mobile-header-display":"","site-post-title":"disabled","ast-breadcrumbs-content":"","ast-featured-img":"disabled","footer-sml-layout":"","ast-disable-related-posts":"","theme-transparent-header-meta":"","adv-header-id-meta":"","stick-header-meta":"","header-above-stick-meta":"","header-main-stick-meta":"","header-below-stick-meta":"","astra-migrate-meta-layouts":"default","ast-page-background-enabled":"default","ast-page-background-meta":{"desktop":{"background-color":"var(--ast-global-color-4)","background-image":"","background-repeat":"repeat","background-position":"center center","background-size":"auto","background-attachment":"scroll","background-type":"","background-media":"","overlay-type":"","overlay-color":"","overlay-opacity":"","overlay-gradient":""},"tablet":{"background-color":"","background-image":"","background-repeat":"repeat","background-position":"center center","background-size":"auto","background-attachment":"scroll","background-type":"","background-media":"","overlay-type":"","overlay-color":"","overlay-opacity":"","overlay-gradient":""},"mobile":{"background-color":"","background-image":"","background-repeat":"repeat","background-position":"center center","background-size":"auto","background-attachment":"scroll","background-type":"","background-media":"","overlay-type":"","overlay-color":"","overlay-opacity":"","overlay-gradient":""}},"ast-content-background-meta":{"desktop":{"background-color":"var(--ast-global-color-5)","background-image":"","background-repeat":"repeat","background-position":"center center","background-size":"auto","background-attachment":"scroll","background-type":"","background-media":"","overlay-type":"","overlay-color":"","overlay-opacity":"","overlay-gradient":""},"tablet":{"background-color":"var(--ast-global-color-5)","background-image":"","background-repeat":"repeat","background-position":"center center","background-size":"auto","background-attachment":"scroll","background-type":"","background-media":"","overlay-type":"","overlay-color":"","overlay-opacity":"","overlay-gradient":""},"mobile":{"background-color":"var(--ast-global-color-5)","background-image":"","background-repeat":"repeat","background-position":"center center","background-size":"auto","background-attachment":"scroll","background-type":"","background-media":"","overlay-type":"","overlay-color":"","overlay-opacity":"","overlay-gradient":""}},"footnotes":""},"class_list":["post-13760","page","type-page","status-publish","hentry"],"yoast_head":"<!-- This site is optimized with the Yoast SEO plugin v27.4 - https:\/\/yoast.com\/product\/yoast-seo-wordpress\/ -->\n<title>Sesi\u00f3n presencial -<\/title>\n<meta name=\"description\" content=\"Massage bien \u00eatre Massage ayurvedique Massage balinais Massage oriental R\u00e9flexologie plantaire Soins \u00e9nerg\u00e9tique Lahochi Access bars Th\u00e9rapies holistiques Soins holistique Relaxation Formation laholchi Atelier bien \u00eatre M\u00e9ditation M\u00e9decine symbolique France Espagne Andalousie Triangle d&#039;or d&#039;isis.\" \/>\n<meta name=\"robots\" content=\"index, follow, max-snippet:-1, max-image-preview:large, max-video-preview:-1\" \/>\n<link rel=\"canonical\" href=\"https:\/\/leboudoir-zen.com\/index.php\/es\/reserva-en-linea\/sesion-presencial\/\" \/>\n<meta property=\"og:locale\" content=\"fr_FR\" \/>\n<meta property=\"og:type\" content=\"article\" \/>\n<meta property=\"og:title\" content=\"Sesi\u00f3n presencial -\" \/>\n<meta property=\"og:description\" content=\"Massage bien \u00eatre Massage ayurvedique Massage balinais Massage oriental R\u00e9flexologie plantaire Soins \u00e9nerg\u00e9tique Lahochi Access bars Th\u00e9rapies holistiques Soins holistique Relaxation Formation laholchi Atelier bien \u00eatre M\u00e9ditation M\u00e9decine symbolique France Espagne Andalousie Triangle d&#039;or d&#039;isis.\" \/>\n<meta property=\"og:url\" content=\"https:\/\/leboudoir-zen.com\/index.php\/es\/reserva-en-linea\/sesion-presencial\/\" \/>\n<meta property=\"article:modified_time\" content=\"2024-04-22T13:25:12+00:00\" \/>\n<meta name=\"twitter:card\" content=\"summary_large_image\" \/>\n<script type=\"application\/ld+json\" class=\"yoast-schema-graph\">{\"@context\":\"https:\\\/\\\/schema.org\",\"@graph\":[{\"@type\":\"WebPage\",\"@id\":\"https:\\\/\\\/leboudoir-zen.com\\\/index.php\\\/es\\\/reserva-en-linea\\\/sesion-presencial\\\/\",\"url\":\"https:\\\/\\\/leboudoir-zen.com\\\/index.php\\\/es\\\/reserva-en-linea\\\/sesion-presencial\\\/\",\"name\":\"Sesi\u00f3n presencial -\",\"isPartOf\":{\"@id\":\"https:\\\/\\\/leboudoir-zen.com\\\/#website\"},\"datePublished\":\"2024-04-22T13:12:51+00:00\",\"dateModified\":\"2024-04-22T13:25:12+00:00\",\"description\":\"Massage bien \u00eatre Massage ayurvedique Massage balinais Massage oriental R\u00e9flexologie plantaire Soins \u00e9nerg\u00e9tique Lahochi Access bars Th\u00e9rapies holistiques Soins holistique Relaxation Formation laholchi Atelier bien \u00eatre M\u00e9ditation M\u00e9decine symbolique France Espagne Andalousie Triangle d'or d'isis.\",\"breadcrumb\":{\"@id\":\"https:\\\/\\\/leboudoir-zen.com\\\/index.php\\\/es\\\/reserva-en-linea\\\/sesion-presencial\\\/#breadcrumb\"},\"inLanguage\":\"fr-FR\",\"potentialAction\":[{\"@type\":\"ReadAction\",\"target\":[\"https:\\\/\\\/leboudoir-zen.com\\\/index.php\\\/es\\\/reserva-en-linea\\\/sesion-presencial\\\/\"]}]},{\"@type\":\"BreadcrumbList\",\"@id\":\"https:\\\/\\\/leboudoir-zen.com\\\/index.php\\\/es\\\/reserva-en-linea\\\/sesion-presencial\\\/#breadcrumb\",\"itemListElement\":[{\"@type\":\"ListItem\",\"position\":1,\"name\":\"Accueil\",\"item\":\"https:\\\/\\\/leboudoir-zen.com\\\/\"},{\"@type\":\"ListItem\",\"position\":2,\"name\":\"Reserva en l\u00ednea\",\"item\":\"https:\\\/\\\/leboudoir-zen.com\\\/index.php\\\/es\\\/reserva-en-linea\\\/\"},{\"@type\":\"ListItem\",\"position\":3,\"name\":\"Sesi\u00f3n presencial\"}]},{\"@type\":\"WebSite\",\"@id\":\"https:\\\/\\\/leboudoir-zen.com\\\/#website\",\"url\":\"https:\\\/\\\/leboudoir-zen.com\\\/\",\"name\":\"\",\"description\":\"\",\"potentialAction\":[{\"@type\":\"SearchAction\",\"target\":{\"@type\":\"EntryPoint\",\"urlTemplate\":\"https:\\\/\\\/leboudoir-zen.com\\\/?s={search_term_string}\"},\"query-input\":{\"@type\":\"PropertyValueSpecification\",\"valueRequired\":true,\"valueName\":\"search_term_string\"}}],\"inLanguage\":\"fr-FR\"}]}<\/script>\n<!-- \/ Yoast SEO plugin. -->","yoast_head_json":{"title":"Sesi\u00f3n presencial -","description":"Massage bien \u00eatre Massage ayurvedique Massage balinais Massage oriental R\u00e9flexologie plantaire Soins \u00e9nerg\u00e9tique Lahochi Access bars Th\u00e9rapies holistiques Soins holistique Relaxation Formation laholchi Atelier bien \u00eatre M\u00e9ditation M\u00e9decine symbolique France Espagne Andalousie Triangle d'or d'isis.","robots":{"index":"index","follow":"follow","max-snippet":"max-snippet:-1","max-image-preview":"max-image-preview:large","max-video-preview":"max-video-preview:-1"},"canonical":"https:\/\/leboudoir-zen.com\/index.php\/es\/reserva-en-linea\/sesion-presencial\/","og_locale":"fr_FR","og_type":"article","og_title":"Sesi\u00f3n presencial -","og_description":"Massage bien \u00eatre Massage ayurvedique Massage balinais Massage oriental R\u00e9flexologie plantaire Soins \u00e9nerg\u00e9tique Lahochi Access bars Th\u00e9rapies holistiques Soins holistique Relaxation Formation laholchi Atelier bien \u00eatre M\u00e9ditation M\u00e9decine symbolique France Espagne Andalousie Triangle d'or d'isis.","og_url":"https:\/\/leboudoir-zen.com\/index.php\/es\/reserva-en-linea\/sesion-presencial\/","article_modified_time":"2024-04-22T13:25:12+00:00","twitter_card":"summary_large_image","schema":{"@context":"https:\/\/schema.org","@graph":[{"@type":"WebPage","@id":"https:\/\/leboudoir-zen.com\/index.php\/es\/reserva-en-linea\/sesion-presencial\/","url":"https:\/\/leboudoir-zen.com\/index.php\/es\/reserva-en-linea\/sesion-presencial\/","name":"Sesi\u00f3n presencial -","isPartOf":{"@id":"https:\/\/leboudoir-zen.com\/#website"},"datePublished":"2024-04-22T13:12:51+00:00","dateModified":"2024-04-22T13:25:12+00:00","description":"Massage bien \u00eatre Massage ayurvedique Massage balinais Massage oriental R\u00e9flexologie plantaire Soins \u00e9nerg\u00e9tique Lahochi Access bars Th\u00e9rapies holistiques Soins holistique Relaxation Formation laholchi Atelier bien \u00eatre M\u00e9ditation M\u00e9decine symbolique France Espagne Andalousie Triangle d'or d'isis.","breadcrumb":{"@id":"https:\/\/leboudoir-zen.com\/index.php\/es\/reserva-en-linea\/sesion-presencial\/#breadcrumb"},"inLanguage":"fr-FR","potentialAction":[{"@type":"ReadAction","target":["https:\/\/leboudoir-zen.com\/index.php\/es\/reserva-en-linea\/sesion-presencial\/"]}]},{"@type":"BreadcrumbList","@id":"https:\/\/leboudoir-zen.com\/index.php\/es\/reserva-en-linea\/sesion-presencial\/#breadcrumb","itemListElement":[{"@type":"ListItem","position":1,"name":"Accueil","item":"https:\/\/leboudoir-zen.com\/"},{"@type":"ListItem","position":2,"name":"Reserva en l\u00ednea","item":"https:\/\/leboudoir-zen.com\/index.php\/es\/reserva-en-linea\/"},{"@type":"ListItem","position":3,"name":"Sesi\u00f3n presencial"}]},{"@type":"WebSite","@id":"https:\/\/leboudoir-zen.com\/#website","url":"https:\/\/leboudoir-zen.com\/","name":"","description":"","potentialAction":[{"@type":"SearchAction","target":{"@type":"EntryPoint","urlTemplate":"https:\/\/leboudoir-zen.com\/?s={search_term_string}"},"query-input":{"@type":"PropertyValueSpecification","valueRequired":true,"valueName":"search_term_string"}}],"inLanguage":"fr-FR"}]}},"featured_image_src":null,"featured_image_src_square":null,"_links":{"self":[{"href":"https:\/\/leboudoir-zen.com\/index.php\/wp-json\/wp\/v2\/pages\/13760","targetHints":{"allow":["GET"]}}],"collection":[{"href":"https:\/\/leboudoir-zen.com\/index.php\/wp-json\/wp\/v2\/pages"}],"about":[{"href":"https:\/\/leboudoir-zen.com\/index.php\/wp-json\/wp\/v2\/types\/page"}],"author":[{"embeddable":true,"href":"https:\/\/leboudoir-zen.com\/index.php\/wp-json\/wp\/v2\/users\/1"}],"replies":[{"embeddable":true,"href":"https:\/\/leboudoir-zen.com\/index.php\/wp-json\/wp\/v2\/comments?post=13760"}],"version-history":[{"count":4,"href":"https:\/\/leboudoir-zen.com\/index.php\/wp-json\/wp\/v2\/pages\/13760\/revisions"}],"predecessor-version":[{"id":13765,"href":"https:\/\/leboudoir-zen.com\/index.php\/wp-json\/wp\/v2\/pages\/13760\/revisions\/13765"}],"up":[{"embeddable":true,"href":"https:\/\/leboudoir-zen.com\/index.php\/wp-json\/wp\/v2\/pages\/13755"}],"wp:attachment":[{"href":"https:\/\/leboudoir-zen.com\/index.php\/wp-json\/wp\/v2\/media?parent=13760"}],"curies":[{"name":"wp","href":"https:\/\/api.w.org\/{rel}","templated":true}]}}